{"id":405,"date":"2021-02-18T14:23:07","date_gmt":"2021-02-18T13:23:07","guid":{"rendered":"http:\/\/mok.konstantynow.pl\/?page_id=405"},"modified":"2024-09-12T10:11:29","modified_gmt":"2024-09-12T09:11:29","slug":"warsztaty-plastyczne","status":"publish","type":"page","link":"https:\/\/mok.konstantynow.pl\/index.php\/warsztaty-plastyczne\/","title":{"rendered":"Warsztaty plastyczne"},"content":{"rendered":"<p><img decoding=\"async\" loading=\"lazy\" class=\"alignnone wp-image-1678 size-full\" src=\"https:\/\/mok.konstantynow.pl\/wp-content\/uploads\/2024\/04\/Warsztaty-plastyczne.jpg\" alt=\"\" width=\"2000\" height=\"655\" srcset=\"https:\/\/mok.konstantynow.pl\/wp-content\/uploads\/2024\/04\/Warsztaty-plastyczne.jpg 2000w, https:\/\/mok.konstantynow.pl\/wp-content\/uploads\/2024\/04\/Warsztaty-plastyczne-300x98.jpg 300w, https:\/\/mok.konstantynow.pl\/wp-content\/uploads\/2024\/04\/Warsztaty-plastyczne-1024x335.jpg 1024w, https:\/\/mok.konstantynow.pl\/wp-content\/uploads\/2024\/04\/Warsztaty-plastyczne-768x252.jpg 768w, https:\/\/mok.konstantynow.pl\/wp-content\/uploads\/2024\/04\/Warsztaty-plastyczne-1536x503.jpg 1536w\" sizes=\"(max-width: 2000px) 100vw, 2000px\" \/><\/p>\n<p><strong>WARSZTATY PLASTYCZNE<\/strong><\/p>\n<p><strong>Wiek uczestnik\u00f3w: 6 \u2013 15 lat<\/strong><\/p>\n<p>Warsztaty plastyczne to doskona\u0142a okazja do rozwijania kreatywno\u015bci i wyobra\u017ani. Uczestnicy maj\u0105 mo\u017cliwo\u015b\u0107 nauki r\u00f3\u017cnorodnych technik plastycznych &#8211; od rysunku i malarstwa, przez np. modelowanie z gliny. Warsztaty te nie tylko rozwijaj\u0105 umiej\u0119tno\u015bci manualne, ale r\u00f3wnie\u017c ucz\u0105 cierpliwo\u015bci, koncentracji i pracy w grupie. Ka\u017cda sesja warsztatowa jest zaprojektowana tak, aby dzieci mog\u0142y nauczy\u0107 si\u0119 czego\u015b nowego, jednocze\u015bnie bawi\u0105c si\u0119 i wyra\u017caj\u0105c siebie artystycznie. Niezale\u017cnie od tego, czy uczestnik zaj\u0119\u0107 interesuje si\u0119 rysunkiem, malarstwem, czy inn\u0105 form\u0105 ekspresji artystycznej, warsztaty mog\u0105 da\u0107 mu niezb\u0119dne narz\u0119dzia do rozwoju swoich pasji.<\/p>\n<p>&nbsp;<\/p>\n<p><strong>INSTRUKTOR<\/strong><\/p>\n<p><strong> Anna Lehmann <\/strong>&#8211; instruktor plastyki, absolwentka Wydzia\u0142u Grafiki i Malarstwa Akademii Sztuk Pi\u0119knych im. W\u0142adys\u0142awa Strzemi\u0144skiego w \u0141odzi, \u00a0specjalizacja malarstwo, aneks w pracowni litografii. Zagorza\u0142a fanka dzieci\u0119cej tw\u00f3rczo\u015bci, wielbicielka sztuki, mi\u0142o\u015bniczka przyrody.<\/p>\n<p>&nbsp;<\/p>\n<p><strong>ADRES<\/strong><\/p>\n<p><strong>Galeria \u201eOgr\u00f3d sztuki\u201d<\/strong><\/p>\n<p>ul. Jana Paw\u0142a II 9<\/p>\n<p>&nbsp;<\/p>\n<p><strong>TERMINY ZAJ\u0118\u0106\u00a0<\/strong><\/p>\n<p><strong>Poniedzia\u0142ek:<\/strong><\/p>\n<ul>\n<li><strong>9:00<\/strong> &#8211; UTW<\/li>\n<li><strong>16:00<\/strong> &#8211; 5-9 lat<\/li>\n<li><strong>17:15<\/strong> &#8211; grupa mieszana wiekowo<\/li>\n<\/ul>\n<p><b>\u00a0\u015aroda:<\/b><\/p>\n<ul>\n<li><strong>17:15<\/strong> &#8211; +10 lat<\/li>\n<li><strong>18:30<\/strong> &#8211; doro\u015bli<\/li>\n<\/ul>\n<p>&nbsp;<\/p>\n<p><strong>CENA<\/strong><\/p>\n<p><strong>Koszt \u00a0za udzia\u0142 w jednych zaj\u0119ciach:<\/strong> 25 z\u0142<\/p>\n<p><strong>Koszt miesi\u0119czny zaj\u0119\u0107 odbywaj\u0105cych si\u0119 raz w tygodniu:<\/strong> 100 z\u0142<strong>\u00a0 \u00a0 \u00a0 \u00a0 \u00a0<\/strong><\/p>\n<p><em><strong>*Uczestnicy UTW:<\/strong> 20 z\u0142 &#8211; udzia\u0142 w jednych zaj\u0119ciach, 80 z\u0142 &#8211; miesi\u0119czny koszt zaj\u0119\u0107<\/em><\/p>\n<p><strong>Op\u0142aty za zaj\u0119cia prosimy dokonywa\u0107 na numer konta Miejskiego O\u015brodka Kultury:<\/strong><\/p>\n<p>10 8780 0007 0000 0576 1000 0001<\/p>\n<p>&nbsp;<\/p>\n<p><strong>KONTAKT \/ ZAPISY<\/strong><\/p>\n<p><strong>e-mail:<\/strong> sekretariat@mok.konstantyn\u00f3w.pl<\/p>\n<p><strong>tel.<\/strong> +48 42 211 17 63<\/p>\n<p><strong>tel.<\/strong> +48 605 981 008<\/p>\n<p>&nbsp;<\/p>\n","protected":false},"excerpt":{"rendered":"<p>WARSZTATY PLASTYCZNE Wiek uczestnik\u00f3w: 6 \u2013 15 lat Warsztaty plastyczne to doskona\u0142a okazja do rozwijania kreatywno\u015bci i wyobra\u017ani. Uczestnicy maj\u0105 mo\u017cliwo\u015b\u0107 nauki r\u00f3\u017cnorodnych technik plastycznych &#8211; od rysunku i malarstwa, &#8230;<\/p>\n","protected":false},"author":5,"featured_media":0,"parent":0,"menu_order":0,"comment_status":"closed","ping_status":"closed","template":"","meta":{"footnotes":""},"_links":{"self":[{"href":"https:\/\/mok.konstantynow.pl\/index.php\/wp-json\/wp\/v2\/pages\/405"}],"collection":[{"href":"https:\/\/mok.konstantynow.pl\/index.php\/wp-json\/wp\/v2\/pages"}],"about":[{"href":"https:\/\/mok.konstantynow.pl\/index.php\/wp-json\/wp\/v2\/types\/page"}],"author":[{"embeddable":true,"href":"https:\/\/mok.konstantynow.pl\/index.php\/wp-json\/wp\/v2\/users\/5"}],"replies":[{"embeddable":true,"href":"https:\/\/mok.konstantynow.pl\/index.php\/wp-json\/wp\/v2\/comments?post=405"}],"version-history":[{"count":23,"href":"https:\/\/mok.konstantynow.pl\/index.php\/wp-json\/wp\/v2\/pages\/405\/revisions"}],"predecessor-version":[{"id":2166,"href":"https:\/\/mok.konstantynow.pl\/index.php\/wp-json\/wp\/v2\/pages\/405\/revisions\/2166"}],"wp:attachment":[{"href":"https:\/\/mok.konstantynow.pl\/index.php\/wp-json\/wp\/v2\/media?parent=405"}],"curies":[{"name":"wp","href":"https:\/\/api.w.org\/{rel}","templated":true}]}}