{"id":95,"date":"2020-11-13T16:10:37","date_gmt":"2020-11-13T15:10:37","guid":{"rendered":"http:\/\/mok.konstantynow.pl\/?page_id=95"},"modified":"2026-02-26T09:03:39","modified_gmt":"2026-02-26T08:03:39","slug":"wynajem-sali","status":"publish","type":"page","link":"https:\/\/mok.konstantynow.pl\/index.php\/wynajem-sali\/","title":{"rendered":"Wynajem"},"content":{"rendered":"<h3 style=\"text-align: center;\">Zapraszamy do wynajmu pomieszcze\u0144 w Miejskim O\u015brodku Kultury<\/h3>\n<h3 style=\"text-align: center;\">w Konstantynowie \u0141\u00f3dzkim<\/h3>\n<p>&nbsp;<\/p>\n<h6 style=\"text-align: center;\">Regulamin oraz cennik wynajmu POMIESZCZE\u0143 znajdziecie Pa\u0144stwo w linku poni\u017cej:<\/h6>\n<p style=\"text-align: center;\"><a href=\"https:\/\/mok.konstantynow.pl\/wp-content\/uploads\/2023\/10\/Regulamin-wynajmu-pomieszczen-w-MOK.doc\">Regulamin wynajmu pomieszcze\u0144 w MOK<\/a><\/p>\n<p>&nbsp;<\/p>\n<p style=\"text-align: center;\"><strong>REGULAMIN WYNAJMU POWIERZCHNI PROMOCYJNO &#8211; SPRZEDA\u017bOWEJ JARMARK WIELKANOCNY 2026<\/strong><\/p>\n<p style=\"text-align: center;\"><a href=\"https:\/\/mok.konstantynow.pl\/wp-content\/uploads\/2026\/02\/Regulamin-wynajmu-JW26-sig.pdf\">Regulamin Jarmark Wielkanocny 2026<\/a><\/p>\n","protected":false},"excerpt":{"rendered":"<p>Zapraszamy do wynajmu pomieszcze\u0144 w Miejskim O\u015brodku Kultury w Konstantynowie \u0141\u00f3dzkim &nbsp; Regulamin oraz cennik wynajmu POMIESZCZE\u0143 znajdziecie Pa\u0144stwo w linku poni\u017cej: Regulamin wynajmu pomieszcze\u0144 w MOK &nbsp; REGULAMIN WYNAJMU &#8230;<\/p>\n","protected":false},"author":2,"featured_media":0,"parent":0,"menu_order":0,"comment_status":"closed","ping_status":"closed","template":"","meta":{"footnotes":""},"_links":{"self":[{"href":"https:\/\/mok.konstantynow.pl\/index.php\/wp-json\/wp\/v2\/pages\/95"}],"collection":[{"href":"https:\/\/mok.konstantynow.pl\/index.php\/wp-json\/wp\/v2\/pages"}],"about":[{"href":"https:\/\/mok.konstantynow.pl\/index.php\/wp-json\/wp\/v2\/types\/page"}],"author":[{"embeddable":true,"href":"https:\/\/mok.konstantynow.pl\/index.php\/wp-json\/wp\/v2\/users\/2"}],"replies":[{"embeddable":true,"href":"https:\/\/mok.konstantynow.pl\/index.php\/wp-json\/wp\/v2\/comments?post=95"}],"version-history":[{"count":23,"href":"https:\/\/mok.konstantynow.pl\/index.php\/wp-json\/wp\/v2\/pages\/95\/revisions"}],"predecessor-version":[{"id":2601,"href":"https:\/\/mok.konstantynow.pl\/index.php\/wp-json\/wp\/v2\/pages\/95\/revisions\/2601"}],"wp:attachment":[{"href":"https:\/\/mok.konstantynow.pl\/index.php\/wp-json\/wp\/v2\/media?parent=95"}],"curies":[{"name":"wp","href":"https:\/\/api.w.org\/{rel}","templated":true}]}}